{"id":8,"date":"2017-06-19T11:56:50","date_gmt":"2017-06-19T09:56:50","guid":{"rendered":"http:\/\/gueuledenouille.com\/?page_id=8"},"modified":"2022-12-03T17:24:27","modified_gmt":"2022-12-03T16:24:27","slug":"a-propos-de","status":"publish","type":"page","link":"https:\/\/gueuledenouille.com\/index.php\/a-propos-de\/","title":{"rendered":"\u00c0 propos de"},"content":{"rendered":"<p style=\"text-align: center;\"><a href=\"http:\/\/gueuledenouille.com\/index.php\/a-propos-de\/presentation2020\/\" rel=\"attachment wp-att-1444\"><img loading=\"lazy\" decoding=\"async\" class=\"alignnone size-full wp-image-1444\" src=\"http:\/\/gueuledenouille.com\/wp-content\/uploads\/2020\/11\/presentation2020.jpg\" alt=\"\" width=\"1754\" height=\"1240\" srcset=\"https:\/\/gueuledenouille.com\/wp-content\/uploads\/2020\/11\/presentation2020.jpg 1754w, https:\/\/gueuledenouille.com\/wp-content\/uploads\/2020\/11\/presentation2020-300x212.jpg 300w, https:\/\/gueuledenouille.com\/wp-content\/uploads\/2020\/11\/presentation2020-1024x724.jpg 1024w, https:\/\/gueuledenouille.com\/wp-content\/uploads\/2020\/11\/presentation2020-768x543.jpg 768w, https:\/\/gueuledenouille.com\/wp-content\/uploads\/2020\/11\/presentation2020-1536x1086.jpg 1536w, https:\/\/gueuledenouille.com\/wp-content\/uploads\/2020\/11\/presentation2020-600x424.jpg 600w\" sizes=\"(max-width: 1754px) 100vw, 1754px\" \/><\/a><\/p>\n<h2>C&rsquo;est quoi Gueule de Nouille ?<\/h2>\n<p>Une banane en ski \u00ab\u00a0Fruit Style\u00a0\u00bb,\u00a0 quand \u00ab\u00a0L&rsquo;oignon fait la force\u00a0\u00bb, un cycliste-rider \u00ab\u00a0Born to be Cyclette\u00a0\u00bb, et puis quoi encore\u2026 ?!\u00a0<strong>T-shirts, d\u00e9bardeurs, body, bavoirs, sacs et tabliers de cuisine en coton biologique\u00a0imprim\u00e9s artisanalement en s\u00e9rigraphie<\/strong> pour petits et grands et aussi\u00a0<strong>badges<\/strong>\u00a0(broche \/magnet \/d\u00e9capsuleurs) et <strong>tasses en m\u00e9tal<\/strong> tout illustr\u00e9s \u00e0 partir de dessins\u00a0amusants, d\u00e9cal\u00e9s et singuliers.\u00a0Jeux de mots, auto-d\u00e9rision et originalit\u00e9\u00a0sont les fondements de l\u2019univers\u00a0<strong>s\u00e9rieusement farfelu<\/strong>\u00a0de Gueule de Nouille pour mettre un peu de l\u00e9g\u00e8ret\u00e9 dans ce monde de brutes !<\/p>\n<h2><\/h2>\n<h2><\/h2>\n<h2><\/h2>\n<h2><a href=\"http:\/\/gueuledenouille.com\/index.php\/a-propos-de\/ecran\/\" rel=\"attachment wp-att-932\"><img loading=\"lazy\" decoding=\"async\" class=\"wp-image-932 alignleft\" src=\"http:\/\/gueuledenouille.com\/wp-content\/uploads\/2018\/02\/ecran.jpg\" alt=\"\" width=\"338\" height=\"224\" \/><\/a>C\u2019est quoi la s\u00e9rigraphie ?<\/h2>\n<p><strong>Chaque pi\u00e8ce est r\u00e9alis\u00e9e une par une \u00e0 la main<\/strong> avec le proc\u00e9d\u00e9 d&rsquo;impression qu&rsquo;est la s\u00e9rigraphie.\u00a0Le dessin est d&rsquo;abord grav\u00e9 sur un \u00e9cran de s\u00e9rigraphie qui va r\u00e9v\u00e9ler le motif comme un pochoir, c&rsquo;est \u00e0 dire que certains pores de la toiles vont \u00eatre bouch\u00e9s, et d&rsquo;autres vont laisser l&rsquo;encre passer \u00e0 travers les mailles pour se d\u00e9poser sur le textile.<\/p>\n<h2><a href=\"http:\/\/gueuledenouille.com\/index.php\/produit\/t-shirt-gueule-de-nouille\/t_shirt-femme-photo2-gueule-de-nouille\/\" rel=\"attachment wp-att-443\"><img loading=\"lazy\" decoding=\"async\" class=\"wp-image-443 alignleft\" src=\"http:\/\/gueuledenouille.com\/wp-content\/uploads\/2017\/07\/T_SHIRT-femme-photo2-gueule-de-nouille.jpg\" alt=\"\" width=\"249\" height=\"249\" srcset=\"https:\/\/gueuledenouille.com\/wp-content\/uploads\/2017\/07\/T_SHIRT-femme-photo2-gueule-de-nouille.jpg 1200w, https:\/\/gueuledenouille.com\/wp-content\/uploads\/2017\/07\/T_SHIRT-femme-photo2-gueule-de-nouille-300x300.jpg 300w, https:\/\/gueuledenouille.com\/wp-content\/uploads\/2017\/07\/T_SHIRT-femme-photo2-gueule-de-nouille-100x100.jpg 100w, https:\/\/gueuledenouille.com\/wp-content\/uploads\/2017\/07\/T_SHIRT-femme-photo2-gueule-de-nouille-600x600.jpg 600w, https:\/\/gueuledenouille.com\/wp-content\/uploads\/2017\/07\/T_SHIRT-femme-photo2-gueule-de-nouille-150x150.jpg 150w, https:\/\/gueuledenouille.com\/wp-content\/uploads\/2017\/07\/T_SHIRT-femme-photo2-gueule-de-nouille-768x768.jpg 768w, https:\/\/gueuledenouille.com\/wp-content\/uploads\/2017\/07\/T_SHIRT-femme-photo2-gueule-de-nouille-1024x1024.jpg 1024w\" sizes=\"(max-width: 249px) 100vw, 249px\" \/><\/a>C\u2019est qui les petites mains ?<\/h2>\n<p>Cl\u00e9mentine Hauguenois, <strong>graphiste de formation<\/strong>, a \u00e9tudi\u00e9 \u00e0 Paris et au Canada. La s\u00e9rigraphie est un moyen d&rsquo;exprimer sa cr\u00e9ativit\u00e9 en mettant les mains dans la mati\u00e8re, une mani\u00e8re de mat\u00e9rialiser ce qui sort de sa t\u00eate, en \u00e9tant <strong>actrice de l&rsquo;\u0153uvre de A \u00e0 Z<\/strong>. \u00a0Elle est aussi \u00e0 l&rsquo;origine d&rsquo;autres projets artistiques, dont des cartes postales, carnets de voyage, dessins encadr\u00e9s et\u00a0d\u00e9corations murales en plus de son activit\u00e9 de graphisme.<\/p>\n<p><strong>Portfolios en ligne :<em> <a href=\"https:\/\/www.behance.net\/clementinehauguenois\">Graphisme<\/a><\/em>\u00a0et <em><a href=\"https:\/\/500px.com\/clementinehauguenois\">Photographie<\/a><\/em><\/strong><\/p>\n<h2><\/h2>\n<h2><\/h2>\n<h2><\/h2>\n<h2>Des produits en coton bio<\/h2>\n<p><a href=\"http:\/\/gueuledenouille.com\/?attachment_id=1297\" rel=\"attachment wp-att-1297\"><img loading=\"lazy\" decoding=\"async\" class=\"alignnone  wp-image-1297\" src=\"http:\/\/gueuledenouille.com\/wp-content\/uploads\/2019\/12\/Capture-d\u2019e\u0301cran-2019-12-05-a\u0300-11.56.07.png\" alt=\"\" width=\"313\" height=\"166\" \/><\/a><\/p>\n<p>Les encres utilis\u00e9es sont \u00e0 base d&rsquo;eau et les textiles en coton biologique pour tendre vers une pratique la plus respectueuse de l&rsquo;environnement. Gueule de Nouille travaille avec les marques CONTINENTAL CLOTHING et STANLEY STELLA, certifi\u00e9es selon l&rsquo;Organic Content Standard 100 et GOTS.<\/p>\n<p>CERTIFICATION <a href=\"http:\/\/gueuledenouille.com\/index.php\/a-propos-de\/gots\/\" rel=\"attachment wp-att-1440\">GOTS EN PDF<\/a><\/p>\n<h2>Animations s\u00e9rigraphie<\/h2>\n<div style=\"text-align: justify;\">\n<p><strong>Derni\u00e8res animations \u00a0s\u00e9rigraphie<\/strong><\/p>\n<ul>\n<li>F\u00eate du patrimoine avec l&rsquo;OT de VARS (ao\u00fbt 2020)<\/li>\n<li>Magasin d&rsquo;alimentation biologique \u00ab\u00a0Bio des Cimes&rsquo; \u00e0 Guillestre (ao\u00fbt 2020)<\/li>\n<li>\u00c9picerie biologique \u00ab\u00a0La Gousse d&rsquo;Ail\u00a0\u00bb \u00e0 l&rsquo;Argenti\u00e8re-la-b\u00e9ss\u00e9e (septembre 2019)<\/li>\n<li>Festival jeune public \u00ab\u00a0Potes de Marmots\u00a0\u00bb (ao\u00fbt 2019) avec l&rsquo;Office de Tourisme de Guillestre<\/li>\n<li>F\u00eate du patrimoine avec l&rsquo;OT de VARS (ao\u00fbt 2019)<\/li>\n<li>F\u00eate du patrimoine avec l&rsquo;OT de VARS (ao\u00fbt 2018)<\/li>\n<li>Journ\u00e9e des Biotonomes avec la BIOCOOP de Gap (juin 2018)<\/li>\n<li>Animation en magasin BIOCOOP Epine-Vinette BRIANCON (juin 2018)<\/li>\n<li>Ecole maternelle de la Batie Neuve (mars 2018) grande section<\/li>\n<li>Salon du v\u00e9lo Avignon \u00ab\u00a0V\u00e9lo Passion\u00a0\u00bb (janvier 2018) avec V\u00e9lo Passion Vaucluse<\/li>\n<li>Festival jeune public \u00ab\u00a0Potes de Marmots\u00a0\u00bb (ao\u00fbt 2017) avec l&rsquo;Office de Tourisme de Guillestre<\/li>\n<li>Journ\u00e9e des \u00ab\u00a0Biotonomes\u00a0\u00bb avec la Biocoop de Gap (juin 2017)<\/li>\n<li>Festival \u00ab\u00a0Les Artgricoles\u00a0\u00bb (mai 2017) avec l&rsquo;association l&rsquo;Echoooo de Guillestre<\/li>\n<\/ul>\n<p>Animations \u00e0 venir :<\/p>\n<p><a href=\"http:\/\/gueuledenouille.com\/index.php\/a-propos-de\/sac-atelier-biodescimes\/\" rel=\"attachment wp-att-1441\"><img loading=\"lazy\" decoding=\"async\" class=\"alignnone  wp-image-1441\" src=\"http:\/\/gueuledenouille.com\/wp-content\/uploads\/2020\/11\/sac-atelier-biodescimes-scaled.jpg\" alt=\"\" width=\"234\" height=\"389\" srcset=\"https:\/\/gueuledenouille.com\/wp-content\/uploads\/2020\/11\/sac-atelier-biodescimes-scaled.jpg 1542w, https:\/\/gueuledenouille.com\/wp-content\/uploads\/2020\/11\/sac-atelier-biodescimes-181x300.jpg 181w, https:\/\/gueuledenouille.com\/wp-content\/uploads\/2020\/11\/sac-atelier-biodescimes-617x1024.jpg 617w, https:\/\/gueuledenouille.com\/wp-content\/uploads\/2020\/11\/sac-atelier-biodescimes-768x1275.jpg 768w, https:\/\/gueuledenouille.com\/wp-content\/uploads\/2020\/11\/sac-atelier-biodescimes-925x1536.jpg 925w, https:\/\/gueuledenouille.com\/wp-content\/uploads\/2020\/11\/sac-atelier-biodescimes-1234x2048.jpg 1234w, https:\/\/gueuledenouille.com\/wp-content\/uploads\/2020\/11\/sac-atelier-biodescimes-600x996.jpg 600w\" sizes=\"(max-width: 234px) 100vw, 234px\" \/> <\/a><a href=\"http:\/\/gueuledenouille.com\/index.php\/a-propos-de\/montage-sac-la-gousse-dail\/\" rel=\"attachment wp-att-1318\"><img loading=\"lazy\" decoding=\"async\" class=\"alignnone  wp-image-1318\" src=\"http:\/\/gueuledenouille.com\/wp-content\/uploads\/2019\/12\/montage-sac-la-gousse-dail-scaled.jpg\" alt=\"\" width=\"234\" height=\"389\" srcset=\"https:\/\/gueuledenouille.com\/wp-content\/uploads\/2019\/12\/montage-sac-la-gousse-dail-scaled.jpg 1542w, https:\/\/gueuledenouille.com\/wp-content\/uploads\/2019\/12\/montage-sac-la-gousse-dail-scaled-600x996.jpg 600w, https:\/\/gueuledenouille.com\/wp-content\/uploads\/2019\/12\/montage-sac-la-gousse-dail-181x300.jpg 181w, https:\/\/gueuledenouille.com\/wp-content\/uploads\/2019\/12\/montage-sac-la-gousse-dail-617x1024.jpg 617w, https:\/\/gueuledenouille.com\/wp-content\/uploads\/2019\/12\/montage-sac-la-gousse-dail-768x1275.jpg 768w, https:\/\/gueuledenouille.com\/wp-content\/uploads\/2019\/12\/montage-sac-la-gousse-dail-925x1536.jpg 925w, https:\/\/gueuledenouille.com\/wp-content\/uploads\/2019\/12\/montage-sac-la-gousse-dail-1234x2048.jpg 1234w\" sizes=\"(max-width: 234px) 100vw, 234px\" \/><\/a> \u00a0 \u00a0 <a href=\"http:\/\/gueuledenouille.com\/index.php\/a-propos-de\/potes-de-marmots2019\/\" rel=\"attachment wp-att-1319\"><img loading=\"lazy\" decoding=\"async\" class=\"alignnone  wp-image-1319\" src=\"http:\/\/gueuledenouille.com\/wp-content\/uploads\/2019\/12\/potes-de-marmots2019-scaled.jpg\" alt=\"\" width=\"234\" height=\"389\" srcset=\"https:\/\/gueuledenouille.com\/wp-content\/uploads\/2019\/12\/potes-de-marmots2019-scaled.jpg 1542w, https:\/\/gueuledenouille.com\/wp-content\/uploads\/2019\/12\/potes-de-marmots2019-scaled-600x996.jpg 600w, https:\/\/gueuledenouille.com\/wp-content\/uploads\/2019\/12\/potes-de-marmots2019-181x300.jpg 181w, https:\/\/gueuledenouille.com\/wp-content\/uploads\/2019\/12\/potes-de-marmots2019-617x1024.jpg 617w, https:\/\/gueuledenouille.com\/wp-content\/uploads\/2019\/12\/potes-de-marmots2019-768x1275.jpg 768w, https:\/\/gueuledenouille.com\/wp-content\/uploads\/2019\/12\/potes-de-marmots2019-925x1536.jpg 925w, https:\/\/gueuledenouille.com\/wp-content\/uploads\/2019\/12\/potes-de-marmots2019-1234x2048.jpg 1234w\" sizes=\"(max-width: 234px) 100vw, 234px\" \/> <\/a><a href=\"http:\/\/gueuledenouille.com\/index.php\/blog\/montage-vars\/\" rel=\"attachment wp-att-1108\"><img loading=\"lazy\" decoding=\"async\" class=\"alignnone  wp-image-1108\" src=\"http:\/\/gueuledenouille.com\/wp-content\/uploads\/2018\/09\/montage-vars.jpg\" alt=\"\" width=\"231\" height=\"384\" \/>\u00a0<\/a><a href=\"http:\/\/gueuledenouille.com\/index.php\/blog\/biotonomes\/\" rel=\"attachment wp-att-748\"><img loading=\"lazy\" decoding=\"async\" class=\"wp-image-748 alignnone\" src=\"http:\/\/gueuledenouille.com\/wp-content\/uploads\/2017\/06\/biotonomes.jpg\" alt=\"\" width=\"233\" height=\"387\" \/> <\/a><a href=\"http:\/\/gueuledenouille.com\/index.php\/blog\/potes-de-marmots\/\" rel=\"attachment wp-att-749\"><img loading=\"lazy\" decoding=\"async\" class=\"wp-image-749 alignnone\" src=\"http:\/\/gueuledenouille.com\/wp-content\/uploads\/2017\/06\/potes-de-marmots.jpg\" alt=\"\" width=\"233\" height=\"386\" \/> \u00a0 <\/a><a href=\"http:\/\/gueuledenouille.com\/index.php\/a-propos-de\/montage-sac-velo-passion\/\" rel=\"attachment wp-att-921\"><img loading=\"lazy\" decoding=\"async\" class=\"alignnone wp-image-921\" src=\"http:\/\/gueuledenouille.com\/wp-content\/uploads\/2018\/02\/montage-sac-velo-passion.jpg\" alt=\"\" width=\"232\" height=\"385\" \/> <\/a><a href=\"http:\/\/gueuledenouille.com\/index.php\/a-propos-de\/sac-coton-ecole-de-la-batie\/\" rel=\"attachment wp-att-980\"><img loading=\"lazy\" decoding=\"async\" class=\"alignnone wp-image-980\" src=\"http:\/\/gueuledenouille.com\/wp-content\/uploads\/2018\/04\/sac-coton-ecole-de-la-batie.jpg\" alt=\"\" width=\"231\" height=\"384\" \/> \u00a0 \u00a0 \u00a0\u00a0 <\/a><a href=\"http:\/\/gueuledenouille.com\/index.php\/a-propos-de\/totebag-biocoop-on-seme-pour-la-vie-avocat\/\" rel=\"attachment wp-att-1090\"><img loading=\"lazy\" decoding=\"async\" class=\"alignnone wp-image-1090\" src=\"http:\/\/gueuledenouille.com\/wp-content\/uploads\/2018\/06\/totebag-biocoop-on-seme-pour-la-vie-avocat.jpg\" alt=\"\" width=\"231\" height=\"383\" \/><\/a><\/p>\n<div style=\"text-align: justify;\">\n<h2><\/h2>\n<h2>Stage de s\u00e9rigraphie \u00e0 la demande<\/h2>\n<\/div>\n<div style=\"text-align: justify;\">\n<h2><a href=\"http:\/\/gueuledenouille.com\/index.php\/a-propos-de\/flyer-stage-02\/\" rel=\"attachment wp-att-1875\"><img loading=\"lazy\" decoding=\"async\" class=\"alignnone size-full wp-image-1875\" src=\"http:\/\/gueuledenouille.com\/wp-content\/uploads\/2022\/12\/Flyer-stage-02.png\" alt=\"\" width=\"886\" height=\"620\" srcset=\"https:\/\/gueuledenouille.com\/wp-content\/uploads\/2022\/12\/Flyer-stage-02.png 886w, https:\/\/gueuledenouille.com\/wp-content\/uploads\/2022\/12\/Flyer-stage-02-300x210.png 300w, https:\/\/gueuledenouille.com\/wp-content\/uploads\/2022\/12\/Flyer-stage-02-768x537.png 768w, https:\/\/gueuledenouille.com\/wp-content\/uploads\/2022\/12\/Flyer-stage-02-600x420.png 600w\" sizes=\"(max-width: 886px) 100vw, 886px\" \/><\/a> <a href=\"http:\/\/gueuledenouille.com\/index.php\/a-propos-de\/bon-cadeau-initiation-serigraphie-01\/\" rel=\"attachment wp-att-1876\"><img loading=\"lazy\" decoding=\"async\" class=\"alignnone size-full wp-image-1876\" src=\"http:\/\/gueuledenouille.com\/wp-content\/uploads\/2022\/12\/Bon-cadeau-Initiation-serigraphie-01-scaled.jpg\" alt=\"\" width=\"1810\" height=\"2560\" srcset=\"https:\/\/gueuledenouille.com\/wp-content\/uploads\/2022\/12\/Bon-cadeau-Initiation-serigraphie-01-scaled.jpg 1810w, https:\/\/gueuledenouille.com\/wp-content\/uploads\/2022\/12\/Bon-cadeau-Initiation-serigraphie-01-212x300.jpg 212w, https:\/\/gueuledenouille.com\/wp-content\/uploads\/2022\/12\/Bon-cadeau-Initiation-serigraphie-01-724x1024.jpg 724w, https:\/\/gueuledenouille.com\/wp-content\/uploads\/2022\/12\/Bon-cadeau-Initiation-serigraphie-01-768x1086.jpg 768w, https:\/\/gueuledenouille.com\/wp-content\/uploads\/2022\/12\/Bon-cadeau-Initiation-serigraphie-01-1086x1536.jpg 1086w, https:\/\/gueuledenouille.com\/wp-content\/uploads\/2022\/12\/Bon-cadeau-Initiation-serigraphie-01-1448x2048.jpg 1448w, https:\/\/gueuledenouille.com\/wp-content\/uploads\/2022\/12\/Bon-cadeau-Initiation-serigraphie-01-600x849.jpg 600w\" sizes=\"(max-width: 1810px) 100vw, 1810px\" \/><\/a><\/h2>\n<h2><\/h2>\n<\/div>\n<\/div>\n<div style=\"text-align: justify;\">\n<p><img loading=\"lazy\" decoding=\"async\" class=\"wp-image-679 alignleft\" src=\"http:\/\/gueuledenouille.com\/wp-content\/uploads\/2017\/06\/la-roue.jpg\" alt=\"\" width=\"438\" height=\"311\" srcset=\"https:\/\/gueuledenouille.com\/wp-content\/uploads\/2017\/06\/la-roue.jpg 1920w, https:\/\/gueuledenouille.com\/wp-content\/uploads\/2017\/06\/la-roue-600x426.jpg 600w, https:\/\/gueuledenouille.com\/wp-content\/uploads\/2017\/06\/la-roue-300x213.jpg 300w, https:\/\/gueuledenouille.com\/wp-content\/uploads\/2017\/06\/la-roue-768x545.jpg 768w, https:\/\/gueuledenouille.com\/wp-content\/uploads\/2017\/06\/la-roue-1024x726.jpg 1024w\" sizes=\"(max-width: 438px) 100vw, 438px\" \/><\/p>\n<h2>Gueule de Nouille accepte la monnaie locale : La Roue<\/h2>\n<p>Pour disposer d&rsquo;un outil qui favorise l&rsquo;av\u00e8nement d&rsquo;une \u00e9conomie plus respectueuse de l&rsquo;\u00eatre humain et de son environnement naturel, mettre l&rsquo;\u00e9conomie au service de l&rsquo;homme et de la plan\u00e8te, d\u00e9velopper et favoriser la solidarit\u00e9, favoriser les \u00e9changes locaux, soutenir des projets locaux d&rsquo;int\u00e9r\u00eat commun, r\u00e9duire l&rsquo;impact \u00e9cologique, r\u00e9duire les d\u00e9placements inutiles (circuits courts), vitaliser et relocaliser l&rsquo;\u00e9conomie locale, consommer autrement.<\/p>\n<div style=\"text-align: justify;\">\n<h3>Quels sont les avantages d&rsquo;une monnaie locale\u00a0?<\/h3>\n<div style=\"text-align: justify;\">\n<ul>\n<li>Elle redynamise l&rsquo;\u00e9conomie locale et n&rsquo;alimente pas le circuit financier sp\u00e9culatif mondial, car c&rsquo;est uniquement une monnaie circulante sur un territoire d\u00e9limit\u00e9. Nul int\u00e9r\u00eat \u00e0 la stocker car elle perd p\u00e9riodiquement de sa valeur (On dit qu&rsquo;elle est \u00ab fondante \u00bb)<\/li>\n<li>Elle permet de donner un surcro\u00eet de sens \u00e0 l&rsquo;activit\u00e9 des professionnels et aux acheteurs de r\u00e9orienter leur consommation vers un r\u00e9seau labellis\u00e9 \u00ab \u00e9thique \u00bb, car\u00a0elle est utilis\u00e9e au sein d\u2019un r\u00e9seau de producteurs, de commer\u00e7ants, d&rsquo;associations qui ont sign\u00e9 une charte sur des crit\u00e8res \u00e9cologiques, sociaux ou humains.<\/li>\n<li>Elle entra\u00eene un \u00ab d\u00e9doublement \u00bb de la masse mon\u00e9taire et le financement de projets \u00e9thiques, puisque pendant que la monnaie locale circule, les euros r\u00e9colt\u00e9s en \u00e9change des coupons alimentent un fond de garantie, qui financera des projets locaux respectant l&rsquo;Humain et la Nature.<\/li>\n<li>Elle permet une r\u00e9apropriation citoyenne de l&rsquo;usage de la monnaie, car une simple association se lance dans la cr\u00e9ation mon\u00e9taire, confisqu\u00e9e jusqu&rsquo;ici par les banques : impression des billets, change, garantie des d\u00e9p\u00f4ts&#8230; tout cela est faisable de fa\u00e7on d\u00e9mocratique ! Expertise qui permettra de pallier quelque peu les cons\u00e9quences dramatiques d&rsquo;un \u00e9ventuel effondrement du syst\u00e8me financier&#8230;<\/li>\n<\/ul>\n<\/div>\n<\/div>\n<\/div>\n<div><\/div>\n<div><\/div>\n<div><a href=\"http:\/\/gueuledenouille.com\/index.php\/home\/home-v2\/etiquette2020-01\/\" rel=\"attachment wp-att-1435\"><img loading=\"lazy\" decoding=\"async\" class=\"wp-image-1435 aligncenter\" src=\"http:\/\/gueuledenouille.com\/wp-content\/uploads\/2020\/11\/etiquette2020-01.png\" alt=\"\" width=\"336\" height=\"529\" srcset=\"https:\/\/gueuledenouille.com\/wp-content\/uploads\/2020\/11\/etiquette2020-01.png 509w, https:\/\/gueuledenouille.com\/wp-content\/uploads\/2020\/11\/etiquette2020-01-191x300.png 191w\" sizes=\"(max-width: 336px) 100vw, 336px\" \/><\/a><\/div>\n<div><\/div>\n<div><\/div>\n<div><\/div>\n","protected":false},"excerpt":{"rendered":"<p>C&rsquo;est quoi Gueule de Nouille ? Une banane en ski \u00ab\u00a0Fruit Style\u00a0\u00bb,\u00a0 quand \u00ab\u00a0L&rsquo;oignon fait&#8230;<\/p>\n","protected":false},"author":1,"featured_media":0,"parent":0,"menu_order":0,"comment_status":"closed","ping_status":"closed","template":"","meta":{"jetpack_post_was_ever_published":false,"footnotes":""},"jetpack_sharing_enabled":true,"jetpack_shortlink":"https:\/\/wp.me\/P9Zj2B-8","_links":{"self":[{"href":"https:\/\/gueuledenouille.com\/index.php\/wp-json\/wp\/v2\/pages\/8"}],"collection":[{"href":"https:\/\/gueuledenouille.com\/index.php\/wp-json\/wp\/v2\/pages"}],"about":[{"href":"https:\/\/gueuledenouille.com\/index.php\/wp-json\/wp\/v2\/types\/page"}],"author":[{"embeddable":true,"href":"https:\/\/gueuledenouille.com\/index.php\/wp-json\/wp\/v2\/users\/1"}],"replies":[{"embeddable":true,"href":"https:\/\/gueuledenouille.com\/index.php\/wp-json\/wp\/v2\/comments?post=8"}],"version-history":[{"count":78,"href":"https:\/\/gueuledenouille.com\/index.php\/wp-json\/wp\/v2\/pages\/8\/revisions"}],"predecessor-version":[{"id":1877,"href":"https:\/\/gueuledenouille.com\/index.php\/wp-json\/wp\/v2\/pages\/8\/revisions\/1877"}],"wp:attachment":[{"href":"https:\/\/gueuledenouille.com\/index.php\/wp-json\/wp\/v2\/media?parent=8"}],"curies":[{"name":"wp","href":"https:\/\/api.w.org\/{rel}","templated":true}]}}