{"id":1217,"date":"2019-04-24T13:05:50","date_gmt":"2019-04-24T11:05:50","guid":{"rendered":"http:\/\/gueuledenouille.com\/?post_type=product&#038;p=1217"},"modified":"2025-10-25T10:11:41","modified_gmt":"2025-10-25T08:11:41","slug":"baby-bio-body-6-12-mois","status":"publish","type":"product","link":"https:\/\/gueuledenouille.com\/index.php\/produit\/baby-bio-body-6-12-mois\/","title":{"rendered":"\u00ab\u00a0Baby Bio\u00a0\u00bb Body b\u00e9b\u00e9"},"content":{"rendered":"","protected":false},"excerpt":{"rendered":"<div class=\"product_excerpt\">\n<div class=\"woocommerce-product-details__short-description\">\n<p>Chaque article est <strong>imprim\u00e9 \u00e0 la main<\/strong> dans l\u2019<strong>atelier de s\u00e9rigraphie artisanale<\/strong> GUEULE DE NOUILLE situ\u00e9 \u00e0 Eygliers dans les Hautes-Alpes.<\/p>\n<p>La <strong>collection GUEULE DE NOUILLE<\/strong> s\u2019applique pour suivre une <strong>d\u00e9marche \u00e9cologique<\/strong>, en utilisant des encres \u00e0 base d\u2019eau et du <strong>coton biologique de qualit\u00e9<\/strong>.<\/p>\n<p>Les designs sont des <strong>cr\u00e9ations originales, d\u00e9cal\u00e9es, r\u00e9alis\u00e9es en \u00ab\u00a0dessin v\u00e9ritable<\/strong>\u00ab\u00a0, avec une pointe d\u2019humour pour mettre un brin de folie dans la vie, tout en passant parfois des messages.<\/p>\n<p><a href=\"http:\/\/gueuledenouille.com\/?attachment_id=1297\" rel=\"attachment wp-att-1297\"><img loading=\"lazy\" decoding=\"async\" class=\"alignnone size-full wp-image-1297\" src=\"http:\/\/gueuledenouille.com\/wp-content\/uploads\/2019\/12\/Capture-d\u2019e\u0301cran-2019-12-05-a\u0300-11.56.07.png\" alt=\"\" width=\"273\" height=\"145\" \/><\/a><\/p>\n<ul>\n<li>Couleur du textile : blanc ou cr\u00e8me<\/li>\n<li>Couleur d\u2019impression : bleu<\/li>\n<li>\n<div class=\"constraction-list pim-row\">Mati\u00e8re : <span lang=\"fr\">100 % coton peign\u00e9 biologique<\/span><\/div>\n<\/li>\n<li>\n<div class=\"composition-list pim-row\">Grammage: <span class=\"bold\">200g\/m\u00b2<\/span><\/div>\n<\/li>\n<li>Tailles disponibles : 0-6 mois<\/li>\n<li>\n<div class=\"composition-list pim-row\"><span class=\"bold\">Conseil d\u2019entretien : <\/span>Lavable \u00e0 40\u00b0C<\/div>\n<\/li>\n<li>Livraison en France et \u00e0 l\u2019international<\/li>\n<li>Guide des tailles en bas de page<\/li>\n<\/ul>\n<\/div>\n<\/div>\n","protected":false},"featured_media":1581,"comment_status":"open","ping_status":"closed","template":"","meta":{"jetpack_post_was_ever_published":false},"product_cat":[22,26],"product_tag":[],"jetpack_sharing_enabled":true,"_links":{"self":[{"href":"https:\/\/gueuledenouille.com\/index.php\/wp-json\/wp\/v2\/product\/1217"}],"collection":[{"href":"https:\/\/gueuledenouille.com\/index.php\/wp-json\/wp\/v2\/product"}],"about":[{"href":"https:\/\/gueuledenouille.com\/index.php\/wp-json\/wp\/v2\/types\/product"}],"replies":[{"embeddable":true,"href":"https:\/\/gueuledenouille.com\/index.php\/wp-json\/wp\/v2\/comments?post=1217"}],"wp:featuredmedia":[{"embeddable":true,"href":"https:\/\/gueuledenouille.com\/index.php\/wp-json\/wp\/v2\/media\/1581"}],"wp:attachment":[{"href":"https:\/\/gueuledenouille.com\/index.php\/wp-json\/wp\/v2\/media?parent=1217"}],"wp:term":[{"taxonomy":"product_cat","embeddable":true,"href":"https:\/\/gueuledenouille.com\/index.php\/wp-json\/wp\/v2\/product_cat?post=1217"},{"taxonomy":"product_tag","embeddable":true,"href":"https:\/\/gueuledenouille.com\/index.php\/wp-json\/wp\/v2\/product_tag?post=1217"}],"curies":[{"name":"wp","href":"https:\/\/api.w.org\/{rel}","templated":true}]}}

« Baby Bio » Body bébé

<div class="product_excerpt">
<div class="woocommerce-product-details__short-description">
<p>Chaque article est <strong>imprimé à la main</strong> dans l’<strong>atelier de sérigraphie artisanale</strong> GUEULE DE NOUILLE situé à Eygliers dans les Hautes-Alpes.</p>
<p>La <strong>collection GUEULE DE NOUILLE</strong> s’applique pour suivre une <strong>démarche écologique</strong>, en utilisant des encres à base d’eau et du <strong>coton biologique de qualité</strong>.</p>
<p>Les designs sont des <strong>créations originales, décalées, réalisées en « dessin véritable</strong>« , avec une pointe d’humour pour mettre un brin de folie dans la vie, tout en passant parfois des messages.</p>
<p><a href="http://gueuledenouille.com/?attachment_id=1297" rel="attachment wp-att-1297"><img loading="lazy" decoding="async" class="alignnone size-full wp-image-1297" src="http://gueuledenouille.com/wp-content/uploads/2019/12/Capture-d’écran-2019-12-05-à-11.56.07.png" alt="" width="273" height="145" /></a></p>
<ul>
<li>Couleur du textile : blanc ou crème</li>
<li>Couleur d’impression : bleu</li>
<li>
<div class="constraction-list pim-row">Matière : <span lang="fr">100 % coton peigné biologique</span></div>
</li>
<li>
<div class="composition-list pim-row">Grammage: <span class="bold">200g/m²</span></div>
</li>
<li>Tailles disponibles : 0-6 mois</li>
<li>
<div class="composition-list pim-row"><span class="bold">Conseil d’entretien : </span>Lavable à 40°C</div>
</li>
<li>Livraison en France et à l’international</li>
<li>Guide des tailles en bas de page</li>
</ul>
</div>
</div>
