{"id":1740,"date":"2021-11-29T10:58:34","date_gmt":"2021-11-29T09:58:34","guid":{"rendered":"http:\/\/gueuledenouille.com\/?post_type=product&#038;p=1740"},"modified":"2026-04-11T14:00:16","modified_gmt":"2026-04-11T12:00:16","slug":"cuillere-code-tasse","status":"publish","type":"product","link":"https:\/\/gueuledenouille.com\/index.php\/produit\/cuillere-code-tasse\/","title":{"rendered":"CUILL\u00c8RE CODE tasse"},"content":{"rendered":"<p>Tasse vintage en acier \u00e9maill\u00e9 blanc, dot\u00e9 d&rsquo;un cerclage m\u00e9tallique de couleur gris.<\/p>\n","protected":false},"excerpt":{"rendered":"<p>D\u00e9conseill\u00e9 au lave vaisselle<\/p>\n","protected":false},"featured_media":1741,"comment_status":"open","ping_status":"closed","template":"","meta":{"jetpack_post_was_ever_published":false},"product_cat":[66,23,32],"product_tag":[],"jetpack_sharing_enabled":true,"_links":{"self":[{"href":"https:\/\/gueuledenouille.com\/index.php\/wp-json\/wp\/v2\/product\/1740"}],"collection":[{"href":"https:\/\/gueuledenouille.com\/index.php\/wp-json\/wp\/v2\/product"}],"about":[{"href":"https:\/\/gueuledenouille.com\/index.php\/wp-json\/wp\/v2\/types\/product"}],"replies":[{"embeddable":true,"href":"https:\/\/gueuledenouille.com\/index.php\/wp-json\/wp\/v2\/comments?post=1740"}],"wp:featuredmedia":[{"embeddable":true,"href":"https:\/\/gueuledenouille.com\/index.php\/wp-json\/wp\/v2\/media\/1741"}],"wp:attachment":[{"href":"https:\/\/gueuledenouille.com\/index.php\/wp-json\/wp\/v2\/media?parent=1740"}],"wp:term":[{"taxonomy":"product_cat","embeddable":true,"href":"https:\/\/gueuledenouille.com\/index.php\/wp-json\/wp\/v2\/product_cat?post=1740"},{"taxonomy":"product_tag","embeddable":true,"href":"https:\/\/gueuledenouille.com\/index.php\/wp-json\/wp\/v2\/product_tag?post=1740"}],"curies":[{"name":"wp","href":"https:\/\/api.w.org\/{rel}","templated":true}]}}